104. Determine p(7).
29
Let a(b) = 39*b**3 + 549*b**2 + 48*b + 50. Determine a(-14).
-34
Let g(q) = 32*q**2 + 346*q - 1366. Give g(4).
530
Let j(y) = -4*y**2 + 323*y - 1301. Calculate j(76).
143
Let n(b) = 3*b**3 - 108*b**2 + 901*b - 3162. What is n(26)?
-16
Let h(n) = -45*n**2 + 29*n + 62. What is h(-4)?
-774
Let z(o) = -27724*o - 8566720. What is z(-309)?
-4
Let m(o) = 21*o**3 + 6593*o**2 - 319*o - 1690. What is m(-314)?
-120
Let f(d) = -2*d**3 + 173*d**2 + 4509*d - 25. Give f(-21).
101
Let u(b) = -325*b - 4161. Determine u(-16).
1039
Let x(z) = -33*z + 1513. What is x(37)?
292
Let v(w) = 21360*w + 2221446. Calculate v(-104).
6
Let d(x) = -x**2 - 14421*x + 173203. Determine d(12).
7
Let y(w) = -43083*w + 85551. Determine y(2).
-615
Let z(v) = -v**3 - 23*v**2 + 7*v - 745. What is z(-27)?
1982
Let l(v) = -69*v**2 - 58363*v + 9301. Determine l(-846).
-5
Let l(k) = -367*k**3 + 4211*k**2 - 1913*k - 14. What is l(11)?
-3
Let r(k) = -5*k**3 - 532*k**2 - 239*k - 1662. Calculate r(-106).
1200
Let b(y) = -1073*y - 40933. Determine b(-39).
914
Let f(y) = 26*y**3 + 12*y**2 + 76*y + 220. Calculate f(-5).
-3110
Let s(l) = 202*l + 67938. Calculate s(-338).
-338
Let f(q) = q**2 - 1279*q + 30130. Calculate f(24).
10
Let c(x) = 116*x**2 + 5385*x - 134. Determine c(-47).
3015
Let c(o) = -106215*o - 424851. Determine c(-4).
9
Let q(x) = -x**3 + x**2 - 19*x - 499. Determine q(-7).
26
Let y(v) = 14*v**2 + 301*v - 6619. Calculate y(-35).
-4
Let r(c) = 3*c**3 - 336*c**2 + 3074*c - 2636. Determine r(9).
1
Let i(z) = -2002*z**2 - 28024*z + 49. What is i(-14)?
-7
Let n(o) = 9032*o + 1147059. What is n(-127)?
-5
Let h(w) = 229*w - 35548. What is h(155)?
-53
Let l(v) = 1320*v + 3960. Calculate l(-3).
0
Let s(i) = 14*i**2 - 308*i + 128. What is s(33)?
5210
Let s(r) = -2*r**3 - 158*r**2 + 1472*r + 126981. What is s(-78)?
-3
Let t(c) = -22*c**2 + 18829*c + 135474. Determine t(863).
-17
Let j(b) = -2*b**2 + 926*b - 52403. Determine j(397).
1
Let o(r) = 182*r + 1635. What is o(-9)?
-3
Let r(w) = -1209*w**2 + 12053*w + 19. Give r(10).
-351
Let p(d) = -426*d + 1001. Give p(1).
575
Let h(y) = -3265*y + 969699. Determine h(297).
-6
Let a(n) = -11719*n - 128711. What is a(-11)?
198
Let w(b) = b**3 + 31*b**2 + 2144*b + 63503. Give w(-30).
83
Let d(g) = -g**3 - 26*g**2 - 46*g - 151. Determine d(-21).
-1390
Let q(h) = -578*h - 799. Calculate q(-2).
357
Let u(t) = -1058*t - 405133. Calculate u(-383).
81
Let x(v) = -v**2 + 8221*v - 24651. Calculate x(3).
3
Let d(p) = 5*p**2 - 65*p - 45. What is d(14)?
25
Let p(k) = -48*k**3 + 2*k**2 - 5. What is p(2)?
-381
Let p(h) = -2419*h - 47379. What is p(-19)?
-1418
Let q(d) = -308*d + 1774. Calculate q(4).
542
Let k(x) = x**3 + 77*x**2 - 1139*x + 2899. Determine k(-90).
109
Let f(t) = t**3 - 45*t**2 + 485*t - 183. What is f(26)?
-417
Let o(t) = 2*t**3 + 28*t**2 + 39*t - 171. What is o(-6)?
171
Let j(d) = -7*d**2 + 132*d - 88. What is j(16)?
232
Let l(k) = -k**3 - 333*k**2 + 498*k + 54732. Calculate l(-334).
-44
Let w(d) = 16435*d + 4799022. Calculate w(-292).
2
Let a(b) = 5*b**2 + 7*b - 2751. Determine a(30).
1959
Let k(d) = 59*d**3 + 3*d**2 - 120*d - 241. Determine k(-2).
-461
Let j(c) = -14629*c + 2340630. Give j(160).
-10
Let n(f) = f**3 - 107*f**2 + 911*f - 97474. What is n(107)?
3
Let s(v) = 34052*v - 578878. Determine s(17).
6
Let b(u) = 23989*u - 2302960. Give b(96).
-16
Let s(w) = -w**2 - 133976*w - 2143437. Calculate s(-16).
-77
Let h(j) = j**3 - 7*j**2 - 300*j + 2111. What is h(7)?
11
Let g(u) = -4203*u - 32398. What is g(-8)?
1226
Let i(z) = 112*z**3 + 9*z**2 + 195*z + 187. Give i(-1).
-111
Let a(s) = -s**3 + 1217*s**2 + 6199*s + 442. Calculate a(-5).
-3
Let h(t) = 836*t - 41279. Calculate h(50).
521
Let a(p) = -2384*p + 483947. What is a(203)?
-5
Let d(i) = 2073*i - 441517. Determine d(213).
32
Let q(w) = 21*w**3 + 11*w**2 - 45*w + 66. What is q(3)?
597
Let m(n) = -4*n**3 - 97123*n**2 - 97111*n + 11. What is m(-1)?
3
Let a(l) = -10*l**2 - 944*l + 7101. What is a(7)?
3
Let h(r) = -1783*r + 123016. Determine h(69).
-11
Let a(s) = -2*s**3 - 27*s**2 - 44*s + 48. Calculate a(-9).
-285
Let q(v) = -2*v**3 + 66*v**2 + 238*v - 10803. Determine q(14).
-23
Let y(x) = 41571*x + 457288. What is y(-11)?
7
Let y(z) = 3*z**3 - 1614*z**2 + 31*z - 16686. Determine y(538).
-8
Let z(r) = r**2 + 21467*r + 128740. What is z(-6)?
-26
Let x(w) = 4*w**3 + 1159*w**2 - 304*w - 4050. What is x(-290)?
10
Let v(z) = -2*z**3 + 509*z**2 + 819*z - 13606. Give v(256).
-550
Let x(c) = -4*c**2 - 8737*c - 69677. Calculate x(-8).
-37
Let p(j) = 11906*j + 404801. What is p(-34)?
-3
Let l(d) = 93*d - 1608. Determine l(24).
624
Let l(o) = o**2 + 5340*o - 329460. Determine l(61).
1
Let d(n) = -598*n + 17065. Determine d(34).
-3267
Let s(v) = 7*v**2 + 5520*v + 27623. Give s(-5).
198
Let l(i) = -i**3 - 69*i**2 + 2006*i + 8626. Determine l(25).
26
Let m(j) = -6*j**3 + 32*j**2 + 63*j - 299. Determine m(4).
81
Let u(c) = -3*c**2 - 54*c - 145. Give u(-6).
71
Let g(v) = 47*v + 2102. Calculate g(-41).
175
Let w(x) = 2*x**3 + 990*x**2 - 2042*x - 26834. Give w(-497).
4
Let x(h) = 431*h - 5524. Calculate x(12).
-352
Let n(a) = 131*a - 30326. What is n(235)?
459
Let s(v) = v**3 + 58*v**2 + 745*v + 566. Determine s(-18).
116
Let t(u) = -2*u**2 + 302*u - 371. Calculate t(151).
-371
Let s(y) = 2*y**3 - 26*y**2 - 97*y + 1257. What is s(13)?
-4
Let s(l) = 2*l**3 + 19*l**2 - 53*l - 519. What is s(-5)?
-29
Let s(g) = 392*g**3 + 1172*g**2 + 17*g + 81. Give s(-3).
-6
Let i(x) = -293*x**2 + 2766*x - 91. Calculate i(10).
-1731
Let x(s) = -47309*s - 804249. Calculate x(-17).
4
Let q(u) = -339*u + 40537. Calculate q(120).
-143
Let u(w) = 9984*w - 59912. Calculate u(6).
-8
Let k(d) = -8*d**3 + 20*d**2 - 63*d - 44. Calculate k(0).
-44
Let t(p) = -37062*p - 1593695. Calculate t(-43).
-29
Let c(m) = -m**2 - 19253*m + 1838070. Give c(95).
10
Let v(s) = -32417*s - 29. Calculate v(0).
-29
Let l(s) = -1410*s + 7085. What is l(5)?
35
Let w(l) = 5*l**2 - 264*l + 64. Determine w(53).
117
Let j(k) = -165*k**2 + 24*k - 5. What is j(-2)?
-713
Let h(g) = -g**2 - 2977*g - 64962. What is h(-22)?
48
Let t(p) = 1144*p**3 + 9*p**2 - 6*p - 13. Give t(-1).
-1142
Let p(t) = -6521*t - 163007. Calculate p(-25).
18
Let d(q) = 4787*q + 38257. What is d(-8)?
-39
Let i(v) = 482*v**2 - 41451*v - 87. Give i(86).
-1
Let l(t) = -t**3 - 26*t**2 - 151*t - 3392. Calculate l(-28).
2404
Let c(r) = -46632*r + 326413. What is c(7)?
-11
Let m(b) = -27889*b - 223209. Give m(-8).
-97
Let n(g) = -9*g**2 - 160*g + 633. What is n(4)?
-151
Let w(f) = 3*f**3 - 225*f**2 - 341*f + 8513. Determine w(76).
-75
Let i(t) = -10*t**2 + 24*t + 750. Give i(10).
-10
Let r(y) = 3988*y + 46337. Calculate r(-12).
-1519
Let h(g) = -2879*g + 391542. Determine h(136).
-2
Let h(y) = -y**3 - 18*y**2 + 269*y + 4849. Determine h(-16).
33
Let m(k) = -k**2 - 419*k - 17138. Determine m(-47).
346
Let b(n) = 31*n**2 - 23*n - 163. Determine b(-12).
4577
Let x(h) = 33*h**2 + 1279*h - 347. Calculate x(-39).
-35
Let a(v) = 22609*v + 2758300. What is a(-122)?
2
Let n(v) = v**3 - 91*v**2 - 2950*v - 1260. Calculate n(-25).
-10
Let z(b) = 145971*b - 3795266. Calculate z(26).
-20
Let b(l) = -l**2 + 152*l + 2048. Give b(-16).
-640
Let x(z) = 18522*z - 111371. What is x(6)?
-239
Let n(d) = d**2 - 786*d + 88602. Determine n(137).
-311
Let z(o) = -16*o**3 - 963*o**2 - 4415*o + 15. Calculate z(-5).
15
Let s(p) = -40851*p - 776175. Calculate s(-19).
-6
Let h(a) = 58*a**2 + 76*a + 87. Determine h(-1).
69
Let w(k) = 1558*k + 113817. Determine w(-72).
1641
Let n(m) = 6*m**3 - 963*m**2 - 489*m + 488. Calculate n(161).
-478
Let o(p) = 15*p**2 + 186*p + 457. Give o(-12).
385
Let j(i) = 6047*i - 973533. Give j(161).
34
Let m(o) = 2*o**2 - 153*o - 1200. What is m(72)?
-1848
Let h(l) = 1704*l + 1064927. Determine h(-625).
-73
Let r(n) = -n**3 - 35*n**2 + 180*n + 78. Give r(-39).
-858
Let u(k) = 4263*k + 1858643. Give u(-436).
-25
Let h(l) = 26*l**2 + 2466*l + 238. What is h(-94)?
-1830
Let k(b) = -566*b + 2848. Calculate k(5).
18
Let h(m) = -1504*m + 6888. Give h(4).
872
Let m(q) = 219085*q - 12706927. Give m(58).
3
Let s(w) = -37*w**2 + 2769*w - 2289. Calculate s(74).
5
Let n(k) = -190892*k - 33787882. Determine n(-177).
2
Let k(j) = -9378*j + 178199. Give k(19).
17
Let q(k) = -k**3 + 223*